j).
-1
Let r(i) = -i + 2*i + 2 + 5*i + i**2. Suppose 4*q - 9 = 3*k - 30, 22 = -3*q - 4*k. Calculate r(q).
2
Suppose -6*h = 66 - 474. Let v(o) = 10*o + h + o**2 - 33 - 31. Calculate v(-10).
4
Let v(c) = -11*c + 3 + 20*c - 5*c. Calculate v(-2).
-5
Let o(s) = -s**3 + s + 1. Let y(h) = 5*h**2 - 7. Suppose 0 = 4*u - 12, -2*p - 2*u + 7 = -3*p. Let x(r) = p*y(r) - o(r). Calculate x(5).
1
Let i(o) be the first derivative of -o**2 - 5*o - 41. Let b(s) = s**2 + 5*s - 2. Suppose -5*d - 4*v - 12 = 0, 0*d - 26 = 5*d - 3*v. Let z be b(d). Give i(z).
7
Suppose 50*w = 46*w + 12. Let l(n) = 2*n - 9. Calculate l(w).
-3
Let w be (4/(-10))/(69/1725). Let b(f) = -f**3 - 9*f**2 + 8*f - 9. Give b(w).
11
Let g(v) = -4*v**3 + 6*v**2 - 4*v + 7. Let j(p) = 5*p**3 - 5*p**2 + 3*p - 6. Let h be 2 - 1 - (-1 + 5). Let o(m) = h*j(m) - 4*g(m). Give o(8).
-18
Let k(l) be the third derivative of l**8/2240 - l**7/2520 + l**5/120 - 7*l**4/12 + 21*l**2. Let o(f) be the second derivative of k(f). Calculate o(-1).
-3
Let s(h) be the third derivative of -h**5/30 + 5*h**4/12 + h**3/3 - 109*h**2. Determine s(7).
-26
Suppose -5*d + 7 + 3 = 0. Let b(m) be the second derivative of 4*m + 1/4*m**4 + 0 - m**d - 1/3*m**3. Determine b(2).
6
Let t = -3 + 8. Let q(z) = -t + 2 - 3*z + 4*z - 1. Determine q(9).
5
Let z(w) = 4*w - 84 - 63 + 123 - 4*w - 2*w. Give z(-13).
2
Let g(l) = l + 2. Let w be g(1). Let j(n) = 4*n + 25 - 22 - w*n. Determine j(5).
8
Let b(g) be the first derivative of g**4/4 - g**3/3 - g**2 - 2*g - 149. Give b(-2).
-10
Suppose 9*z = 10*z - o + 7, -o = 1. Let g(b) = -3*b - 26. Calculate g(z).
-2
Let u(t) = -t**2. Let s be u(3). Let p(y) = -8 + 224*y - 173*y - 53*y - 3. Calculate p(s).
7
Let x(b) = 35*b + 69. Let a be x(-2). Let z(c) = -14*c**2 + 6*c + 7. What is z(a)?
-13
Suppose -2*x - 260 = 3*x. Let d = x - -23. Let b = d - -25. Let t(n) = -3*n + 2. Give t(b).
14
Let o(c) = 2*c**2 - c + 3. Let z(k) = -5*k**2 + k + 2. Let n(j) = 11*j**2 - 2*j - 5. Let m(d) = 4*n(d) + 9*z(d). Let a(u) = 4*m(u) + 3*o(u). Determine a(-1).
2
Let h(o) be the third derivative of o**8/6720 + o**7/2520 - o**6/180 - o**5/40 - 5*o**4/8 + 17*o**2. Let s(z) be the second derivative of h(z). What is s(-3)?
-9
Let k(u) = -7 - 1 + 2*u + 4*u**2 - u + 10. Calculate k(-2).
16
Let n(y) be the third derivative of -4*y**5/15 + y**4/24 + 247*y**2 - 2. Calculate n(-1).
-17
Let m be 51/(-68) - (5/4 - 2). Let w(t) be the third derivative of 0 + 0*t**3 - t**2 + 1/120*t**6 + m*t + 1/30*t**5 - 1/8*t**4. What is w(-3)?
0
Suppose -8*t - 20 = 28. Let h be t - -2 - -1 - 2. Let p(c) = -c**2 - 4*c - 3. Give p(h).
-8
Let j(t) = 28*t**2 - 50*t + 111*t + 22 + 11 + t**3 + 0*t**3 - 120*t. Give j(-30).
3
Suppose 5*y + 5*j - 10*j = 0, 5*y + 4*j + 27 = 0. Let p(c) = c**3 + c**2 - 3*c + 2. What is p(y)?
-7
Let a be ((-2)/(-3))/((-1)/3). Let t(n) = -12*n - 5*n + 2 + 10*n + 4*n. Calculate t(a).
8
Let v(g) be the first derivative of -g**4/4 + g**2/2 - 18*g + 1. Suppose 0 = -0*n + 23*n - 9*n. What is v(n)?
-18
Let d = -71 - -81. Let x(q) = d*q - 17*q - 13 + q**3 - 8*q**2 + 0*q**3. Determine x(9).
5
Let p(n) = -2*n + 12. Let m(c) = -c**3 - 7*c**2 - 16*c - 9. Let t be m(-4). Determine p(t).
-2
Let c(a) = -4*a**2 - 9*a + 4. Let q(w) = 3*w**2 + 6*w - 3. Let y(v) = 2*c(v) + 3*q(v). What is y(-5)?
24
Let f(w) = -w + 4 - 5*w + 5*w. Let x be 105/4 - (-15)/20. Suppose -23*a - 12 = -x*a. Calculate f(a).
1
Let j = -54 - -54. Suppose j = 6*b - 3*b - 3. Let q(t) = -16*t**2 + t. Calculate q(b).
-15
Let z be (-7)/((-14)/(-68)) - 3. Let r = 37 + z. Let a(d) = d**2 - 4. What is a(r)?
-4
Let m be 4/28*126/27. Let s(z) be the third derivative of 0*z + 0 + 4*z**2 + m*z**3 + 5/24*z**4. Determine s(-3).
-11
Let b(h) be the third derivative of 7*h**2 + 1/8*h**4 - 1/2*h**3 + 0*h - 1 - 1/60*h**5. Calculate b(4).
-7
Let c(o) be the third derivative of -o**5/60 + o**4/24 - o**3 - 14*o**2 - 5. Calculate c(-6).
-48
Let r(p) = -p**3 + 4*p**2 + p + 1. Let l(d) = d**3 - 8*d**2 - 8*d + 3. Let w be l(9). Let m be (-2)/w + (-50)/(-12). Give r(m).
5
Let u(n) be the third derivative of -n**5/30 + n**4/8 + 5*n**3/6 + 536*n**2. Let d = -5 - -9. What is u(d)?
-15
Let y(f) = -2*f - 3*f + 1627 + 3*f + f - 1626. Let q(d) = -2*d - 6. Let c be q(-4). Calculate y(c).
-1
Let o(u) = 6*u - u**2 + 6 + 2*u + 3*u**2 + 18 - 22. Determine o(-3).
-4
Let o(d) = d**2 - 7*d - 7. Suppose g + 12 = 2*m, -4*m - 9 = -g - 29. What is o(m)?
-19
Let r(t) = -2*t**2 - 8*t - 12. Let d be r(-3). Let p(l) be the second derivative of -l**3/6 - 6*l**2 - 2*l. What is p(d)?
-6
Let g(d) = 23*d - 3 - 24*d - 4. Calculate g(-15).
8
Let l(s) = s**3 - 6*s**2 - 5*s + 9. Suppose 4*g - 20 = -3*z, -2*g + 10 = z - 4*z. Suppose z = 7*x - 26 - 16. Calculate l(x).
-21
Let s(h) = -h**2 + 3*h + 5. Let o be s(4). Let w be -3 + o - (-8 - -1). Let d(y) = -2*y + 4 - 10 + y + 2*y. Give d(w).
-1
Let l(w) = -10*w - 11 + 10 + 9*w. Calculate l(2).
-3
Let v = 14 - 22. Let q(g) be the second derivative of g**3/3 + 11*g**2/2 - 2*g - 1815. Give q(v).
-5
Let u = 1057 + -1062. Let r(k) = 9*k - 5. Determine r(u).
-50
Let t be (8/14 - 0) + (-714)/(-294). Let i(d) be the first derivative of 1/3*d**t - 13*d + 5 + 0*d**2. Determine i(0).
-13
Let t be 1 + (16/4 - 1). Let s be 3*(-9 + t - -4). Let i(p) = -p**3 - 4*p**2 - 2. Give i(s).
-11
Let a(j) = -6*j - 11. Suppose -3*i + 2 = 14. Let s(g) = 582*g - 4 - 583*g + 3. Let c(y) = i*s(y) + a(y). Give c(-6).
5
Let n(q) = q**2 - 2*q + 9. Let g = 1506 - 1506. What is n(g)?
9
Let v(u) = -4*u + 1. Suppose 4*m + 150 = -m. Let l = m - -52. Let n be (-26)/22 + 4/l. Calculate v(n).
5
Let l(y) be the first derivative of 3*y**2/2 + 5*y - 2. Suppose x - 8 + 3 = 0. Let m(w) = 2*w**2 - 11*w. Let j be m(x). Calculate l(j).
-10
Let i(q) be the first derivative of q**2/2 - 10*q + 3. Suppose 2*g - 15 = 9. Suppose g = 5*h - 18. Calculate i(h).
-4
Let r(a) be the third derivative of -a**5/60 + 5*a**4/12 - a**3/2 + 183*a**2. What is r(6)?
21
Let l(k) = -k**3 - 5*k**2 - 5*k + 4. Let u(x) = -31. Let p(r) = -r - 30. Let m(c) = -5*p(c) + 4*u(c). Let i be m(-6). What is l(i)?
8
Let o(a) = -a**3 - a**2 - 1. Let l(k) = 3*k**3 - k**2 + 7*k + 7. Let h(v) = -l(v) - 4*o(v). Let p be 18/(-12)*(-58)/(-3). Let j = p - -23. Give h(j).
3
Let z(i) be the first derivative of -i**4/4 + i**3/3 + 11*i + 775. Let j be 4/10 - (-4)/(-10). What is z(j)?
11
Let a be 0 - -2 - (-14 - -10). Let f(y) = y**3 - 6*y**2 - a + 7 - 7. What is f(6)?
-6
Let j(h) be the first derivative of h**4/4 + 4*h**3/3 + h**2 + 5*h - 17. Suppose 2*d - 7 + 1 = 0, -2*c = 2*d + 2. Determine j(c).
-3
Let u(t) be the second derivative of t**5/10 - 199*t. Calculate u(-2).
-16
Let f(b) = 3 + 2 - b**3 + 4 + 2 - 2 - 6*b - 8*b**2. Let x be -9 + -5*(-2)/5. Calculate f(x).
2
Let t(g) = -g**3 + 4*g**2 - 2*g + 1. Let o = 23 + -22. Let x be o*((2 - -3) + -1). Give t(x).
-7
Suppose 33 = -3*m - 3*n - 0*n, 5*m + 55 = 4*n. Let g = 16 + m. Let i(u) = -2*u**2 - 6 - 3*u**3 + g + 0*u**2 - 2*u. What is i(-1)?
2
Let u = 2 + -1. Let h = 31 - 27. Let x(j) = 16*j**3 + 9*j**2 + 13*j - 11. Let y(r) = 8*r**3 + 4*r**2 + 6*r - 5. Let n(t) = h*x(t) - 9*y(t). What is n(u)?
-9
Suppose -9*a + 12 = -5*a. Let b be (1*a)/(-3 - -4). Let u(i) = b*i - 9*i - 8*i. What is u(-1)?
14
Let n(u) = -u - 3. Let f(y) be the first derivative of -9*y**4/4 - y**3/3 - y**2 - y + 5. Let m be f(-1). Suppose m = 4*h - 3. Determine n(h).
-6
Suppose -5*u - y = 2, -3*u - y + 4*y = -6. Let k(t) = 3*t**2 + 0*t**3 - t + 8*t**2 + t**3 + 10 - 12*t**2. Determine k(u).
10
Let z(h) be the first derivative of -h**4/4 - 7*h**3/3 + 4*h**2 - 6*h + 64. Calculate z(-8).
-6
Let a be 3 - 4 - (0 + -2). Let r(u) be the third derivative of -1/6*u**4 + 0*u + 0*u**3 - 4*u**2 + 0. Calculate r(a).
-4
Let g be 1/(2 + -3) - 11. Let w = g + 7. Let b(s) = -2*s + 17. Let z(n) = n - 8. Let o(l) = -3*b(l) - 7*z(l). Determine o(w).
10
Let q(x) = -2*x + 5. Suppose -h - 2*h - 396 = 0. Let p be 33/h - (-1 - (-42)/(-8)). Calculate q(p).
-7
Let a(k) = 57*k - 799. Let c be a(14). Let x(u) = -13*u**3 - u**2 - u - 1. What is x(c)?
12
Let b(w) = 16*w**2 + 36*w + 2. Let x(n) = -7*n**2 - 17*n - 1. Let r(m) = 3*b(m) + 7*x(m). Give r(-11).
-1
Let v(r) = -r + 1. Let k be v(-5). Suppose -3*w = -7 + 1. Let m(y) = -9 + y + 5 - w + 0*y. What is m(k)?
0
Suppose -2*s + 40 = -5*v, -5*v